f 250411971.
3, 23, 3629159
What are the prime factors of 209007604?
2, 13, 4019377
List the prime factors of 149032149.
3, 7, 17, 417457
What are the prime factors of 13678025?
5, 547121
What are the prime factors of 552719036?
2, 1319, 104761
What are the prime factors of 108548891?
11, 23, 487, 881
List the prime factors of 130534133.
29, 269, 577
List the prime factors of 70028746.
2, 17, 121157
List the prime factors of 625395310.
2, 5, 131, 199, 2399
What are the prime factors of 1726314096?
2, 3, 13, 17, 109, 1493
What are the prime factors of 88698145?
5, 181, 98009
What are the prime factors of 291979038?
2, 3, 13, 3743321
List the prime factors of 12180853.
73, 166861
What are the prime factors of 937943794?
2, 468971897
What are the prime factors of 2787430676?
2, 696857669
List the prime factors of 1809540178.
2, 904770089
What are the prime factors of 15192670?
2, 5, 1519267
What are the prime factors of 2449008577?
37, 53, 1248857
List the prime factors of 39525730.
2, 5, 23, 171851
What are the prime factors of 1148236535?
5, 229647307
What are the prime factors of 215729446?
2, 107864723
List the prime factors of 365894992.
2, 22868437
What are the prime factors of 273460449?
3, 431, 211493
What are the prime factors of 326227112?
2, 19, 2146231
List the prime factors of 117111097.
117111097
List the prime factors of 652071828.
2, 3, 1571, 34589
List the prime factors of 3703792.
2, 83, 2789
List the prime factors of 2342882005.
5, 23, 193, 283, 373
What are the prime factors of 1323263110?
2, 5, 13, 41, 248267
What are the prime factors of 704608605?
3, 5, 17, 307019
What are the prime factors of 692326102?
2, 13, 929, 28663
What are the prime factors of 82923764?
2, 7, 11, 151, 1783
List the prime factors of 62666915.
5, 499, 25117
What are the prime factors of 63852819?
3, 21284273
What are the prime factors of 247073911?
7, 35296273
List the prime factors of 47079128.
2, 5884891
List the prime factors of 50959636.
2, 7, 13, 139999
What are the prime factors of 1499052412?
2, 11, 13, 43, 59, 1033
What are the prime factors of 69951690?
2, 3, 5, 777241
What are the prime factors of 215033989?
643, 334423
List the prime factors of 490456265.
5, 13, 29, 260189
List the prime factors of 118009457.
118009457
What are the prime factors of 1298465456?
2, 81154091
What are the prime factors of 183687186?
2, 3, 47, 13859
What are the prime factors of 2051576645?
5, 7477, 54877
What are the prime factors of 13848465?
3, 5, 73, 12647
What are the prime factors of 73727020?
2, 5, 41, 47, 1913
What are the prime factors of 88871565?
3, 5, 5924771
List the prime factors of 4158274560.
2, 3, 5, 11, 24611
What are the prime factors of 105079436?
2, 7, 11, 311, 1097
What are the prime factors of 1027201671?
3, 114133519
What are the prime factors of 625651202?
2, 11, 28438691
What are the prime factors of 8375693451?
3, 167, 367, 45553
List the prime factors of 46767684.
2, 3, 79, 49333
List the prime factors of 4033413651.
3, 19, 79, 47143
List the prime factors of 4919140552.
2, 313, 691, 2843
What are the prime factors of 10409620?
2, 5, 13, 40037
What are the prime factors of 58378151?
13, 487, 9221
What are the prime factors of 1699576178?
2, 31, 109, 251491
What are the prime factors of 43471631?
7, 313, 19841
What are the prime factors of 955230545?
5, 191046109
List the prime factors of 8456694911.
7, 16937, 71329
What are the prime factors of 317373011?
109, 2911679
What are the prime factors of 61562197?
41, 43, 34919
List the prime factors of 178569172.
2, 1049, 42557
What are the prime factors of 3278842659?
3, 61, 663599
What are the prime factors of 162473584?
2, 7, 13, 151, 739
What are the prime factors of 53165376?
2, 3, 11, 2797
What are the prime factors of 89418335?
5, 41, 59, 7393
List the prime factors of 144704259.
3, 7, 193, 3967
What are the prime factors of 33712569?
3, 11, 503, 677
What are the prime factors of 20410306?
2, 7, 1457879
List the prime factors of 789852921.
3, 11, 13, 107, 17207
What are the prime factors of 279849621?
3, 263, 354689
List the prime factors of 123157261.
151, 227, 3593
List the prime factors of 143657016.
2, 3, 5985709
What are the prime factors of 3218038847?
3218038847
List the prime factors of 584511125.
5, 11, 79, 5381
What are the prime factors of 80966413?
11, 7360583
What are the prime factors of 34892229?
3, 1009, 11527
What are the prime factors of 800951552?
2, 1117, 2801
What are the prime factors of 89417534?
2, 19, 271, 457
List the prime factors of 423207028.
2, 131, 807647
List the prime factors of 393587777.
11, 2153, 16619
What are the prime factors of 44539411?
7, 1163, 5471
List the prime factors of 119766398.
2, 383, 156353
What are the prime factors of 3259792236?
2, 3, 107, 2538779
What are the prime factors of 276619829?
276619829
What are the prime factors of 6185585121?
3, 4483, 459929
List the prime factors of 64326459.
3, 109, 196717
List the prime factors of 386788960.
2, 5, 2417431
What are the prime factors of 49393027?
19, 2599633
List the prime factors of 112939514.
2, 29, 683, 2851
List the prime factors of 255184277.
101, 2526577
List the prime factors of 50392971.
3, 5599219
What are the prime factors of 30207557?
271, 111467
What are the prime factors of 7666749465?
3, 5, 37, 13813963
What are the prime factors of 3632172?
2, 3, 302681
What are the prime factors of 659691743?
71, 9291433
List the prime factors of 112291838.
2, 56145919
What are the prime factors of 5287873?
449, 11777
List the prime factors of 44143041.
3, 127, 115861
What are the prime factors of 316639810?
2, 5, 3361, 9421
What are the prime factors of 11780?
2, 5, 19, 31
What are the prime factors of 874199828?
2, 218549957
List the prime factors of 31247363.
7, 23, 194083
What are the prime factors of 151559877?
3, 7, 7217137
What are the prime factors of 1241017631?
7, 53, 181, 18481
What are the prime factors of 74026497?
3, 24675499
List the prime factors of 44279123.
7, 47, 134587
What are the prime factors of 30061065?
3, 5, 103, 19457
What are the prime factors of 78650105?
5, 15730021
What are the prime factors of 179472043?
17, 19, 593, 937
What are the prime factors of 87269771?
41, 2128531
List the prime factors of 1042551908.
2, 260637977
What are the prime factors of 512835000?
2, 3, 5, 179, 191
What are the prime factors of 107026822?
2, 7, 53, 144241
List the prime factors of 1225152015.
3, 5, 19, 4298779
What are the prime factors of 475946389?
20929, 22741
What are the prime factors of 43769591?
41, 1067551
What are the prime factors of 527603596?
2, 13, 10146223
What are the prime factors of 32845904?
2, 7, 13, 17, 1327
What are the prime factors of 672207?
3, 224069
What are the prime factors of 44773588?
2, 11193397
What are the prime factors of 851402462?
2, 47, 281, 32233
What are the prime factors of 3280919496?
2, 3, 89, 1536011
List the prime factors of 30079269.
3, 11, 31
List the prime factors of 5699358.
2, 3, 7, 45233
What are the prime factors of 78628238?
2, 13, 59, 51257
What are the prime factors of 305313678?
2, 3, 5653957
What are the prime factors of 22971195?
3, 5, 13, 4363
List the prime factors of 1016045171.
17, 23, 73, 35597
List the prime factors of 431430115.
5, 86286023
What are the prime factors of 364224423?
3, 121408141
List the prime factors of 19173420.
2, 3, 5, 7, 15217
What are the prime factors of 783621965?
5, 7, 1129, 2833
List the prime factors of 79329269.
2111, 37579
List the prime factors of 34343669.
23, 1213, 1231
List the prime factors of 16245711.
3, 383, 1571
List the prime factors of 511356797.
7, 29, 41, 67, 131
What are the prime factors of 116757153?
3, 4324339
List the prime factors of 62489895.
3, 5, 13, 67, 4783
List the prime factors of 806260056.
2, 3, 7, 641, 7487
What are the prime factors of 221785351?
221785351
What are the prime factors of 2766500669?
179, 15455311
List the prime factors of 4269046238.
2, 23, 92805353
List the prime factors of 8139284382.
2, 3, 181, 7494737
What are the prime factors of 294454391?
7, 11, 3824083
List the prime factors of 108062401.
108062401
What are the prime factors of 72698645?
5, 14539729
What are the prime factors of 3655496198?
2, 137, 13341227
What are the pri